{"id":11053,"date":"2026-03-10T14:33:59","date_gmt":"2026-03-10T14:33:59","guid":{"rendered":"https:\/\/ligabuhitos.com\/?page_id=11053"},"modified":"2026-03-10T16:36:01","modified_gmt":"2026-03-10T16:36:01","slug":"home","status":"publish","type":"page","link":"https:\/\/ligabuhitos.com\/","title":{"rendered":"Home"},"content":{"rendered":"<p>[et_pb_section fb_built=\u00bb1&#8243; admin_label=\u00bbHeader\u00bb _builder_version=\u00bb4.27.6&#8243; _module_preset=\u00bbdefault\u00bb background_color=\u00bbgcid-673b0993-9609-465c-9f39-f5246779c83e\u00bb use_background_color_gradient=\u00bbon\u00bb background_color_gradient_stops=\u00bb#fdcd12 0%|rgba(253,205,18,0.73) 100%\u00bb background_color_gradient_overlays_image=\u00bbon\u00bb background_image=\u00bbhttps:\/\/ligabuhitos.com\/wp-content\/uploads\/2026\/03\/Disen\u0303o-sin-ti\u0301tulo-54.webp\u00bb collapsed=\u00bbon\u00bb global_colors_info=\u00bb{%22gcid-673b0993-9609-465c-9f39-f5246779c83e%22:%91%22background_color%22,%22background_color_gradient_stops%22%93}\u00bb][et_pb_row column_structure=\u00bb1_3,2_3&#8243; _builder_version=\u00bb4.21.0&#8243; _module_preset=\u00bbdefault\u00bb global_colors_info=\u00bb{}\u00bb][et_pb_column type=\u00bb1_3&#8243; _builder_version=\u00bb4.21.0&#8243; _module_preset=\u00bbdefault\u00bb global_colors_info=\u00bb{}\u00bb][et_pb_image src=\u00bbhttps:\/\/ligabuhitos.com\/wp-content\/uploads\/2026\/03\/cropped-23578210-6c4a-4b7c-8bbc-91fec804e050.png\u00bb title_text=\u00bbcropped-23578210-6c4a-4b7c-8bbc-91fec804e050.png\u00bb _builder_version=\u00bb4.27.6&#8243; _module_preset=\u00bbdefault\u00bb transform_translate=\u00bb-100%|-50%\u00bb transform_translate_linked=\u00bboff\u00bb positioning=\u00bbabsolute\u00bb max_width=\u00bb80px\u00bb max_height=\u00bb80px\u00bb custom_margin=\u00bb|||-15px|false|false\u00bb custom_padding=\u00bb|4px|||false|false\u00bb scroll_vertical_motion_enable=\u00bbon\u00bb scroll_vertical_motion=\u00bb0|50|50|100|4|0|7.5&#8243; global_colors_info=\u00bb{}\u00bb][\/et_pb_image][et_pb_text _builder_version=\u00bb4.27.6&#8243; _module_preset=\u00bbd5f467be-340d-44c3-ad33-68cf850b76d9&#8243; text_font=\u00bbFigtree|700|||||||\u00bb text_text_color=\u00bbgcid-ba573f8b-cc89-4135-b2f4-7390f6b86bae\u00bb text_font_size=\u00bb43px\u00bb text_line_height=\u00bb1em\u00bb header_text_color=\u00bbgcid-ba573f8b-cc89-4135-b2f4-7390f6b86bae\u00bb header_font_size=\u00bb35px\u00bb global_colors_info=\u00bb{%22gcid-ba573f8b-cc89-4135-b2f4-7390f6b86bae%22:%91%22text_text_color%22,%22header_text_color%22%93}\u00bb]<\/p>\n<h1>Vive la experiencia de entrenar en una de las ligas m\u00e1s importantes de la regi\u00f3n<\/h1>\n<p>[\/et_pb_text][et_pb_text _builder_version=\u00bb4.27.6&#8243; _module_preset=\u00bbb57f0e3a-c1c5-45e9-a896-d947d6555c38&#8243; text_font=\u00bbFigtree|300|||||||\u00bb text_font_size=\u00bb34px\u00bb text_line_height=\u00bb1.3em\u00bb header_2_font_size=\u00bb28px\u00bb header_2_line_height=\u00bb1.2em\u00bb global_colors_info=\u00bb{}\u00bb]<\/p>\n<h2>Forjando las pr\u00f3ximas leyendas del diamante.<\/h2>\n<p>[\/et_pb_text][et_pb_button button_text=\u00bbMe interesa\u00bb _builder_version=\u00bb4.27.6&#8243; _module_preset=\u00bbde77e3cb-7507-43ea-bbd1-25bd2567fc8b\u00bb button_text_size=\u00bb21px\u00bb button_text_color=\u00bb#FFFFFF\u00bb button_bg_color=\u00bbgcid-ba573f8b-cc89-4135-b2f4-7390f6b86bae\u00bb button_font=\u00bbFigtree|700|||||||\u00bb global_colors_info=\u00bb{%22gcid-63ace26e-ec1a-49a4-96c1-d62eb83c71e6%22:%91%22button_bg_color%22%93,%22gcid-ba573f8b-cc89-4135-b2f4-7390f6b86bae%22:%91%22button_bg_color%22%93}\u00bb][\/et_pb_button][\/et_pb_column][et_pb_column type=\u00bb2_3&#8243; _builder_version=\u00bb4.21.0&#8243; _module_preset=\u00bbdefault\u00bb global_colors_info=\u00bb{}\u00bb][et_pb_image src=\u00bbhttps:\/\/ligabuhitos.com\/wp-content\/uploads\/2026\/03\/Disen\u0303o-sin-ti\u0301tulo-54.webp\u00bb title_text=\u00bbDisen\u0303o sin ti\u0301tulo (54)\u00bb _builder_version=\u00bb4.27.6&#8243; _module_preset=\u00bbdefault\u00bb border_radii=\u00bboff|15px|15px|135px|15px\u00bb border_width_all=\u00bb7px\u00bb border_color_all=\u00bb#FFFFFF\u00bb box_shadow_style=\u00bbpreset3&#8243; global_colors_info=\u00bb{}\u00bb][\/et_pb_image][\/et_pb_column][\/et_pb_row][\/et_pb_section][et_pb_section fb_built=\u00bb1&#8243; admin_label=\u00bbVideo\u00bb _builder_version=\u00bb4.21.0&#8243; _module_preset=\u00bbdefault\u00bb custom_padding=\u00bb22px||33px|||\u00bb collapsed=\u00bbon\u00bb global_colors_info=\u00bb{}\u00bb][et_pb_row _builder_version=\u00bb4.21.0&#8243; _module_preset=\u00bbdefault\u00bb max_width=\u00bb822px\u00bb module_alignment=\u00bbcenter\u00bb saved_tabs=\u00bball\u00bb global_colors_info=\u00bb{}\u00bb][et_pb_column type=\u00bb4_4&#8243; _builder_version=\u00bb4.21.0&#8243; _module_preset=\u00bbdefault\u00bb global_colors_info=\u00bb{}\u00bb][et_pb_text _builder_version=\u00bb4.27.6&#8243; _module_preset=\u00bb278614b4-4665-4eed-93a3-567e22171c9c\u00bb header_4_font=\u00bbFigtree|500||on|||||\u00bb header_4_text_color=\u00bbgcid-52e8b489-b10c-41af-b3c4-a69642f2df1f\u00bb header_4_letter_spacing=\u00bb5px\u00bb text_orientation=\u00bbcenter\u00bb global_colors_info=\u00bb{%22gcid-52e8b489-b10c-41af-b3c4-a69642f2df1f%22:%91%22header_4_text_color%22%93}\u00bb]<\/p>\n<h4>Nuestra Misi\u00f3n<\/h4>\n<p>[\/et_pb_text][et_pb_text _builder_version=\u00bb4.27.6&#8243; _module_preset=\u00bb83c70279-2ba4-4793-9915-c723d5bd3940&#8243; header_3_text_color=\u00bbgcid-ba573f8b-cc89-4135-b2f4-7390f6b86bae\u00bb text_orientation=\u00bbcenter\u00bb global_colors_info=\u00bb{%22gcid-ba573f8b-cc89-4135-b2f4-7390f6b86bae%22:%91%22header_3_text_color%22%93}\u00bb]<\/p>\n<h3>Formar deportistas \u00edntegros a trav\u00e9s del b\u00e9isbol, fomentando la disciplina, el trabajo en equipo y el amor por el juego.<\/h3>\n<p>[\/et_pb_text][\/et_pb_column][\/et_pb_row][et_pb_row column_structure=\u00bb1_2,1_2&#8243; _builder_version=\u00bb4.27.6&#8243; _module_preset=\u00bbdefault\u00bb custom_padding=\u00bb0px|||||\u00bb global_colors_info=\u00bb{}\u00bb][et_pb_column type=\u00bb1_2&#8243; _builder_version=\u00bb4.27.6&#8243; _module_preset=\u00bbdefault\u00bb global_colors_info=\u00bb{}\u00bb][et_pb_video src=\u00bbhttps:\/\/www.youtube.com\/watch?v=FkQuawiGWUw\u00bb image_src=\u00bbhttps:\/\/ligabuhitos.com\/wp-content\/uploads\/2026\/03\/629412345_1464199242382663_1683075984593911434_n.jpg\u00bb play_icon_color=\u00bb#FFFFFF\u00bb font_icon=\u00bb&#xf144;||fa||900&#8243; use_icon_font_size=\u00bbon\u00bb icon_font_size=\u00bb56px\u00bb thumbnail_overlay_color=\u00bb#FFFFFF\u00bb _builder_version=\u00bb4.27.6&#8243; _module_preset=\u00bbdefault\u00bb max_width=\u00bb350px\u00bb module_alignment=\u00bbcenter\u00bb border_radii=\u00bbon|10px|10px|10px|10px\u00bb global_colors_info=\u00bb{}\u00bb][\/et_pb_video][\/et_pb_column][et_pb_column type=\u00bb1_2&#8243; _builder_version=\u00bb4.27.6&#8243; _module_preset=\u00bbdefault\u00bb global_colors_info=\u00bb{}\u00bb][et_pb_text _builder_version=\u00bb4.27.6&#8243; _module_preset=\u00bb278614b4-4665-4eed-93a3-567e22171c9c\u00bb header_4_font=\u00bbFigtree|500||on|||||\u00bb header_4_text_color=\u00bbgcid-52e8b489-b10c-41af-b3c4-a69642f2df1f\u00bb header_4_letter_spacing=\u00bb5px\u00bb text_orientation=\u00bbcenter\u00bb custom_margin=\u00bb||9px|||\u00bb global_colors_info=\u00bb{%22gcid-52e8b489-b10c-41af-b3c4-a69642f2df1f%22:%91%22header_4_text_color%22%93}\u00bb]<\/p>\n<h4>Visi\u00f3n de la Liga:<\/h4>\n<p>[\/et_pb_text][et_pb_text _builder_version=\u00bb4.27.6&#8243; _module_preset=\u00bb83c70279-2ba4-4793-9915-c723d5bd3940&#8243; header_3_text_color=\u00bbgcid-ba573f8b-cc89-4135-b2f4-7390f6b86bae\u00bb header_3_font_size=\u00bb25px\u00bb text_orientation=\u00bbcenter\u00bb global_colors_info=\u00bb{%22gcid-ba573f8b-cc89-4135-b2f4-7390f6b86bae%22:%91%22header_3_text_color%22%93}\u00bb]<\/p>\n<h3>Ser el referente regional en el desarrollo de talento infantil y juvenil, proyectando a nuestros jugadores hacia niveles competitivos de excelencia.<\/h3>\n<p>[\/et_pb_text][\/et_pb_column][\/et_pb_row][\/et_pb_section][et_pb_section fb_built=\u00bb1&#8243; _builder_version=\u00bb4.27.6&#8243; _module_preset=\u00bbdefault\u00bb background_color=\u00bbgcid-ba573f8b-cc89-4135-b2f4-7390f6b86bae\u00bb custom_padding=\u00bb0px||0px|||\u00bb global_colors_info=\u00bb{%22gcid-ba573f8b-cc89-4135-b2f4-7390f6b86bae%22:%91%22background_color%22%93}\u00bb][et_pb_row _builder_version=\u00bb4.27.6&#8243; _module_preset=\u00bbdefault\u00bb width=\u00bb100%\u00bb max_width=\u00bb100%\u00bb custom_padding=\u00bb12px||11px|||\u00bb global_colors_info=\u00bb{}\u00bb][et_pb_column type=\u00bb4_4&#8243; _builder_version=\u00bb4.27.6&#8243; _module_preset=\u00bbdefault\u00bb global_colors_info=\u00bb{}\u00bb][trendy_moving_imgs images=\u00bb11132,11133,11134,11135,11136,11137,11138,11139,11140,11141&#8243; gap=\u00bb6px\u00bb img_height=\u00bb300px\u00bb duration=\u00bb30000ms\u00bb use_fade=\u00bbon\u00bb fade_color=\u00bbgcid-ba573f8b-cc89-4135-b2f4-7390f6b86bae\u00bb fade_width=\u00bb54px\u00bb _builder_version=\u00bb4.27.6&#8243; _module_preset=\u00bbdefault\u00bb global_colors_info=\u00bb{%22gcid-ba573f8b-cc89-4135-b2f4-7390f6b86bae%22:%91%22fade_color%22%93}\u00bb][\/trendy_moving_imgs][\/et_pb_column][\/et_pb_row][\/et_pb_section][et_pb_section fb_built=\u00bb1&#8243; admin_label=\u00bbTop Categories\u00bb _builder_version=\u00bb4.27.6&#8243; _module_preset=\u00bbdefault\u00bb overflow-x=\u00bbhidden\u00bb overflow-y=\u00bbhidden\u00bb custom_padding=\u00bb23px|||||\u00bb collapsed=\u00bbon\u00bb global_colors_info=\u00bb{}\u00bb][et_pb_row _builder_version=\u00bb4.27.6&#8243; _module_preset=\u00bbdefault\u00bb global_colors_info=\u00bb{}\u00bb][et_pb_column type=\u00bb4_4&#8243; _builder_version=\u00bb4.27.6&#8243; _module_preset=\u00bbdefault\u00bb global_colors_info=\u00bb{}\u00bb][et_pb_text _builder_version=\u00bb4.27.6&#8243; _module_preset=\u00bbb57f0e3a-c1c5-45e9-a896-d947d6555c38&#8243; text_font=\u00bbFigtree|300|||||||\u00bb text_font_size=\u00bb34px\u00bb text_line_height=\u00bb1.3em\u00bb header_2_font=\u00bbFigtree|700|||||||\u00bb header_2_text_align=\u00bbcenter\u00bb header_2_text_color=\u00bbgcid-ba573f8b-cc89-4135-b2f4-7390f6b86bae\u00bb header_2_font_size=\u00bb40px\u00bb header_2_line_height=\u00bb1.2em\u00bb custom_margin=\u00bb||-15px|||\u00bb global_colors_info=\u00bb{%22gcid-ba573f8b-cc89-4135-b2f4-7390f6b86bae%22:%91%22header_2_text_color%22%93}\u00bb]<\/p>\n<h2>\u00bfEstas listo para ser parte de una de las Ligas mas importantes de la region?<\/h2>\n<p>[\/et_pb_text][\/et_pb_column][\/et_pb_row][et_pb_row column_structure=\u00bb1_4,1_4,1_2&#8243; use_custom_gutter=\u00bbon\u00bb gutter_width=\u00bb2&#8243; make_equal=\u00bbon\u00bb _builder_version=\u00bb4.27.6&#8243; _module_preset=\u00bbdefault\u00bb width=\u00bb90%\u00bb max_width=\u00bb90%\u00bb custom_margin=\u00bb23px|auto||auto||\u00bb custom_padding=\u00bb0px|||||\u00bb global_colors_info=\u00bb{}\u00bb][et_pb_column type=\u00bb1_4&#8243; _builder_version=\u00bb4.27.6&#8243; _module_preset=\u00bbdefault\u00bb use_background_color_gradient=\u00bbon\u00bb background_color_gradient_repeat=\u00bbon\u00bb background_color_gradient_stops=\u00bbrgba(15,67,146,0.47) 0%|#0f4392 100%\u00bb background_color_gradient_overlays_image=\u00bbon\u00bb background_image=\u00bbhttps:\/\/ligabuhitos.com\/wp-content\/uploads\/2026\/03\/649486506_18394574239199802_3037066378991736721_n-1.jpg\u00bb overflow-x=\u00bbvisible\u00bb overflow-y=\u00bbvisible\u00bb custom_padding=\u00bb300px|40px|20px|20px|false|false\u00bb border_radii=\u00bbon|30px|30px|30px|30px\u00bb global_colors_info=\u00bb{}\u00bb][et_pb_icon font_icon=\u00bb&#x24;||divi||400&#8243; icon_color=\u00bbgcid-5491e3cb-2d5e-4625-b932-4205c70663e2&#8243; _builder_version=\u00bb4.27.6&#8243; _module_preset=\u00bba070a3ea-1546-491f-9ede-aabf89e9ccef\u00bb transform_translate=\u00bb50%|50%\u00bb transform_translate_linked__hover=\u00bboff\u00bb positioning=\u00bbabsolute\u00bb position_origin_a=\u00bbbottom_right\u00bb border_color_all=\u00bbgcid-5491e3cb-2d5e-4625-b932-4205c70663e2&#8243; locked=\u00bboff\u00bb global_colors_info=\u00bb{%22gcid-63ace26e-ec1a-49a4-96c1-d62eb83c71e6%22:%91%22background_color%22,%22background_color%22,%22background_color%22%93,%22gcid-52e8b489-b10c-41af-b3c4-a69642f2df1f%22:%91%22background_color__hover%22,%22background_color__hover%22,%22background_color__hover%22%93,%22gcid-5491e3cb-2d5e-4625-b932-4205c70663e2%22:%91%22icon_color%22,%22border_color_all%22%93}\u00bb background_color__hover=\u00bb#e8a21f\u00bb transform_styles__hover_enabled=\u00bboff|hover\u00bb transform_scale__hover_enabled=\u00bboff|hover\u00bb transform_translate__hover_enabled=\u00bboff|hover\u00bb transform_rotate__hover_enabled=\u00bboff|hover\u00bb transform_skew__hover_enabled=\u00bboff|hover\u00bb transform_origin__hover_enabled=\u00bboff|hover\u00bb][\/et_pb_icon][et_pb_blurb title=\u00bbCATEGORIAS\u00bb _builder_version=\u00bb4.27.6&#8243; _module_preset=\u00bb586ec8fa-5bc6-43d3-8e3d-ee35cfdcf5c3&#8243; header_font_size=\u00bb25px\u00bb body_font=\u00bbFigtree||||||||\u00bb link_option_url=\u00bb#\u00bb global_colors_info=\u00bb{}\u00bb]<\/p>\n<p>Leer M\u00e1s<\/p>\n<p>[\/et_pb_blurb][\/et_pb_column][et_pb_column type=\u00bb1_4&#8243; _builder_version=\u00bb4.27.6&#8243; _module_preset=\u00bbdefault\u00bb use_background_color_gradient=\u00bbon\u00bb background_color_gradient_repeat=\u00bbon\u00bb background_color_gradient_stops=\u00bbrgba(15,67,146,0.47) 0%|#0f4392 100%\u00bb background_color_gradient_overlays_image=\u00bbon\u00bb background_image=\u00bbhttps:\/\/ligabuhitos.com\/wp-content\/uploads\/2026\/03\/632702527_1469769331825654_6546430590629256743_n.jpg\u00bb overflow-x=\u00bbvisible\u00bb overflow-y=\u00bbvisible\u00bb custom_padding=\u00bb300px|40px|20px|20px|false|false\u00bb border_radii=\u00bbon|30px|30px|30px|30px\u00bb global_colors_info=\u00bb{}\u00bb][et_pb_icon font_icon=\u00bb&#x24;||divi||400&#8243; icon_color=\u00bbgcid-5491e3cb-2d5e-4625-b932-4205c70663e2&#8243; _builder_version=\u00bb4.27.6&#8243; _module_preset=\u00bba070a3ea-1546-491f-9ede-aabf89e9ccef\u00bb transform_translate=\u00bb50%|50%\u00bb transform_translate_linked__hover=\u00bboff\u00bb positioning=\u00bbabsolute\u00bb position_origin_a=\u00bbbottom_right\u00bb border_color_all=\u00bbgcid-5491e3cb-2d5e-4625-b932-4205c70663e2&#8243; locked=\u00bboff\u00bb global_colors_info=\u00bb{%22gcid-63ace26e-ec1a-49a4-96c1-d62eb83c71e6%22:%91%22background_color%22,%22background_color%22,%22background_color%22%93,%22gcid-52e8b489-b10c-41af-b3c4-a69642f2df1f%22:%91%22background_color__hover%22,%22background_color__hover%22,%22background_color__hover%22%93,%22gcid-5491e3cb-2d5e-4625-b932-4205c70663e2%22:%91%22icon_color%22,%22border_color_all%22%93}\u00bb background_color__hover=\u00bb#e8a21f\u00bb transform_styles__hover_enabled=\u00bboff|hover\u00bb transform_scale__hover_enabled=\u00bboff|hover\u00bb transform_translate__hover_enabled=\u00bboff|hover\u00bb transform_rotate__hover_enabled=\u00bboff|hover\u00bb transform_skew__hover_enabled=\u00bboff|hover\u00bb transform_origin__hover_enabled=\u00bboff|hover\u00bb][\/et_pb_icon][et_pb_blurb title=\u00bbREGLAMENTO\u00bb _builder_version=\u00bb4.27.6&#8243; _module_preset=\u00bb586ec8fa-5bc6-43d3-8e3d-ee35cfdcf5c3&#8243; header_font_size=\u00bb25px\u00bb body_font=\u00bbFigtree||||||||\u00bb link_option_url=\u00bb#\u00bb global_colors_info=\u00bb{}\u00bb]<\/p>\n<p>Leer M\u00e1s<\/p>\n<p>[\/et_pb_blurb][\/et_pb_column][et_pb_column type=\u00bb1_2&#8243; _builder_version=\u00bb4.27.6&#8243; _module_preset=\u00bbdefault\u00bb global_colors_info=\u00bb{}\u00bb][et_pb_slider arrows_custom_color=\u00bbgcid-ba573f8b-cc89-4135-b2f4-7390f6b86bae\u00bb dot_nav_custom_color=\u00bbgcid-ba573f8b-cc89-4135-b2f4-7390f6b86bae\u00bb _builder_version=\u00bb4.27.6&#8243; _module_preset=\u00bbdefault\u00bb header_font=\u00bbFigtree||||||||\u00bb header_text_color=\u00bbgcid-ba573f8b-cc89-4135-b2f4-7390f6b86bae\u00bb header_font_size=\u00bb50px\u00bb body_font=\u00bbFigtree||||||||\u00bb body_text_color=\u00bbgcid-heading-color\u00bb body_font_size=\u00bb17px\u00bb background_color=\u00bbRGBA(255,255,255,0)\u00bb global_colors_info=\u00bb{%22gcid-ba573f8b-cc89-4135-b2f4-7390f6b86bae%22:%91%22header_text_color%22,%22dot_nav_custom_color%22,%22arrows_custom_color%22%93,%22gcid-heading-color%22:%91%22body_text_color%22%93}\u00bb][et_pb_slide heading=\u00bb%22El Nido fue donde todo comenz\u00f3 para m\u00ed.%22&#8243; _builder_version=\u00bb4.27.6&#8243; _module_preset=\u00bbdefault\u00bb global_colors_info=\u00bb{}\u00bb sticky_transition=\u00bbon\u00bb]<\/p>\n<p><span data-path-to-node=\"5,0,1\"><span class=\"citation-186\">\u00abVer a los nuevos talentos entrenando hoy en Liga Buhitos me llena de orgullo. Aqu\u00ed no solo aprend\u00ed la t\u00e9cnica del b\u00e9isbol con grandes maestros, sino que forj\u00e9 el car\u00e1cter necesario para destacar en este deporte. Es, sin duda, la mejor plataforma para cualquier ni\u00f1o que sue\u00f1e con las grandes ligas.\u00bb <\/span><\/span><span data-path-to-node=\"5,0,2\"><span class=\"citation-186 citation-end-186\"><source-footnote ng-version=\"0.0.0-PLACEHOLDER\" _nghost-ng-c1789233538=\"\"><sup _ngcontent-ng-c1789233538=\"\" class=\"superscript\" data-turn-source-index=\"3\"><\/sup><\/source-footnote><source-footnote ng-version=\"0.0.0-PLACEHOLDER\" _nghost-ng-c1789233538=\"\"><sup _ngcontent-ng-c1789233538=\"\" class=\"superscript\" data-turn-source-index=\"3\"><\/sup><\/source-footnote><\/span><\/span><span data-path-to-node=\"5,0,3\"><span class=\"citation-185\"><\/span><\/span><span data-path-to-node=\"5,0,4\"><span class=\"citation-185\">\u2014 <\/span><b data-path-to-node=\"5,0,4\" data-index-in-node=\"2\"><span class=\"citation-185\">Inspirado en la trayectoria de C\u00e9sar \/ Isaac \/ Omar Cruz<\/span><\/b><span class=\"citation-185\"> <\/span><\/span><\/p>\n<p>[\/et_pb_slide][et_pb_slide heading=\u00bb%22M\u00e1s que una liga, una familia.%22&#8243; _builder_version=\u00bb4.27.6&#8243; _module_preset=\u00bbdefault\u00bb global_colors_info=\u00bb{}\u00bb sticky_transition=\u00bbon\u00bb]<\/p>\n<p><span data-path-to-node=\"10,0,1\"><span class=\"citation-183\">\u00abLo que m\u00e1s valoro de Liga Buhitos es la formaci\u00f3n integral. Mi hijo no solo ha mejorado sus habilidades en el diamante, sino que ha aprendido disciplina y trabajo en equipo. Verlo emocionado por cada entrenamiento en &#8216;El Nido&#8217; nos da la tranquilidad de que est\u00e1 en el lugar correcto.\u00bb <\/span><\/span><span data-path-to-node=\"10,0,2\"><span class=\"citation-183 citation-end-183\"><source-footnote ng-version=\"0.0.0-PLACEHOLDER\" _nghost-ng-c1789233538=\"\"><sup _ngcontent-ng-c1789233538=\"\" class=\"superscript\" data-turn-source-index=\"6\"><\/sup><\/source-footnote><\/span><\/span><span data-path-to-node=\"10,0,3\"><span class=\"citation-182\"><\/span><\/span><span data-path-to-node=\"10,0,4\"><span class=\"citation-182\">\u2014 <\/span><b data-path-to-node=\"10,0,4\" data-index-in-node=\"2\"><span class=\"citation-182\">Familia Garc\u00eda, Miembros de la Comunidad<\/span><\/b><span class=\"citation-182\"> <\/span><\/span><\/p>\n<p>[\/et_pb_slide][et_pb_slide heading=\u00bb%22\u00a1Listos para la pr\u00f3xima temporada!%22 \u00bb _builder_version=\u00bb4.27.6&#8243; _module_preset=\u00bbdefault\u00bb global_colors_info=\u00bb{}\u00bb sticky_transition=\u00bbon\u00bb]<\/p>\n<p><span data-path-to-node=\"15,0,1\"><span class=\"citation-180\">\u00abEntrenar con mis amigos y aprender de los coaches es lo mejor de mi semana. La liga nos motiva a dar lo mejor de nosotros en cada juego y la convivencia en los campos es incre\u00edble. \u00a1Estoy listo para que esta sea mi mejor temporada!\u00bb <\/span><\/span><span data-path-to-node=\"15,0,2\"><span class=\"citation-180 citation-end-180\"><source-footnote ng-version=\"0.0.0-PLACEHOLDER\" _nghost-ng-c1789233538=\"\"><sup _ngcontent-ng-c1789233538=\"\" class=\"superscript\" data-turn-source-index=\"9\"><\/sup><\/source-footnote><source-footnote ng-version=\"0.0.0-PLACEHOLDER\" _nghost-ng-c1789233538=\"\"><sup _ngcontent-ng-c1789233538=\"\" class=\"superscript\" data-turn-source-index=\"9\"><\/sup><\/source-footnote><source-footnote ng-version=\"0.0.0-PLACEHOLDER\" _nghost-ng-c1789233538=\"\"><sup _ngcontent-ng-c1789233538=\"\" class=\"superscript\" data-turn-source-index=\"9\"><\/sup><\/source-footnote><source-footnote ng-version=\"0.0.0-PLACEHOLDER\" _nghost-ng-c1789233538=\"\"><sup _ngcontent-ng-c1789233538=\"\" class=\"superscript\" data-turn-source-index=\"9\"><\/sup><\/source-footnote><\/span><\/span><span data-path-to-node=\"15,0,3\"><span class=\"citation-179\"><\/span><\/span><span data-path-to-node=\"15,0,4\"><span class=\"citation-179\">\u2014 <\/span><b data-path-to-node=\"15,0,4\" data-index-in-node=\"2\"><span class=\"citation-179\">Jugador de Categor\u00eda Infantil<\/span><\/b><\/span><\/p>\n<p>[\/et_pb_slide][\/et_pb_slider][\/et_pb_column][\/et_pb_row][\/et_pb_section][et_pb_section fb_built=\u00bb1&#8243; _builder_version=\u00bb4.27.6&#8243; _module_preset=\u00bbdefault\u00bb background_color=\u00bbgcid-673b0993-9609-465c-9f39-f5246779c83e\u00bb global_colors_info=\u00bb{%22gcid-673b0993-9609-465c-9f39-f5246779c83e%22:%91%22background_color%22%93}\u00bb][et_pb_row _builder_version=\u00bb4.27.6&#8243; _module_preset=\u00bbdefault\u00bb global_colors_info=\u00bb{}\u00bb][et_pb_column type=\u00bb4_4&#8243; _builder_version=\u00bb4.27.6&#8243; _module_preset=\u00bbdefault\u00bb global_colors_info=\u00bb{}\u00bb][et_pb_text _builder_version=\u00bb4.27.6&#8243; _module_preset=\u00bb278614b4-4665-4eed-93a3-567e22171c9c\u00bb header_4_font=\u00bbFigtree|500||on|||||\u00bb header_4_text_color=\u00bbgcid-52e8b489-b10c-41af-b3c4-a69642f2df1f\u00bb header_4_letter_spacing=\u00bb5px\u00bb text_orientation=\u00bbcenter\u00bb custom_margin=\u00bb||-2px|||\u00bb global_colors_info=\u00bb{%22gcid-52e8b489-b10c-41af-b3c4-a69642f2df1f%22:%91%22header_4_text_color%22%93}\u00bb]<\/p>\n<h4>\u00bfQuieres apoyar este proyecto?<\/h4>\n<p>[\/et_pb_text][et_pb_text _builder_version=\u00bb4.27.6&#8243; _module_preset=\u00bb83c70279-2ba4-4793-9915-c723d5bd3940&#8243; header_3_text_color=\u00bbgcid-ba573f8b-cc89-4135-b2f4-7390f6b86bae\u00bb header_3_font_size=\u00bb25px\u00bb text_orientation=\u00bbcenter\u00bb global_colors_info=\u00bb{%22gcid-ba573f8b-cc89-4135-b2f4-7390f6b86bae%22:%91%22header_3_text_color%22%93}\u00bb]<\/p>\n<h3>Tu empresa puede formar parte de nuestra comunidad y apoyar al talento local.<\/h3>\n<p>[\/et_pb_text][\/et_pb_column][\/et_pb_row][et_pb_row column_structure=\u00bb1_3,1_3,1_3&#8243; use_custom_gutter=\u00bbon\u00bb gutter_width=\u00bb1&#8243; make_equal=\u00bbon\u00bb _builder_version=\u00bb4.27.6&#8243; _module_preset=\u00bbdefault\u00bb global_colors_info=\u00bb{}\u00bb][et_pb_column type=\u00bb1_3&#8243; _builder_version=\u00bb4.27.6&#8243; _module_preset=\u00bbdefault\u00bb global_colors_info=\u00bb{}\u00bb][et_pb_image src=\u00bbhttps:\/\/ligabuhitos.com\/wp-content\/uploads\/2026\/03\/614223148_890496193630737_3412292911894877791_n.jpg\u00bb title_text=\u00bb614223148_890496193630737_3412292911894877791_n\u00bb _builder_version=\u00bb4.27.6&#8243; _module_preset=\u00bbdefault\u00bb width=\u00bb50%\u00bb module_alignment=\u00bbcenter\u00bb border_radii=\u00bbon|15px|15px|15px|15px\u00bb global_colors_info=\u00bb{}\u00bb][\/et_pb_image][\/et_pb_column][et_pb_column type=\u00bb1_3&#8243; _builder_version=\u00bb4.27.6&#8243; _module_preset=\u00bbdefault\u00bb global_colors_info=\u00bb{}\u00bb][et_pb_image src=\u00bbhttps:\/\/ligabuhitos.com\/wp-content\/uploads\/2026\/03\/Gatorade_logo.svg_.png\u00bb title_text=\u00bbGatorade_logo.svg\u00bb _builder_version=\u00bb4.27.6&#8243; _module_preset=\u00bbdefault\u00bb width=\u00bb37%\u00bb module_alignment=\u00bbcenter\u00bb border_radii=\u00bbon|15px|15px|15px|15px\u00bb global_colors_info=\u00bb{}\u00bb][\/et_pb_image][\/et_pb_column][et_pb_column type=\u00bb1_3&#8243; _builder_version=\u00bb4.27.6&#8243; _module_preset=\u00bbdefault\u00bb global_colors_info=\u00bb{}\u00bb][et_pb_image src=\u00bbhttps:\/\/ligabuhitos.com\/wp-content\/uploads\/2026\/03\/channels4_profile.jpg\u00bb title_text=\u00bbchannels4_profile\u00bb _builder_version=\u00bb4.27.6&#8243; _module_preset=\u00bbdefault\u00bb width=\u00bb50%\u00bb module_alignment=\u00bbcenter\u00bb border_radii=\u00bbon|15px|15px|15px|15px\u00bb global_colors_info=\u00bb{}\u00bb][\/et_pb_image][\/et_pb_column][\/et_pb_row][\/et_pb_section]<\/p>\n","protected":false},"excerpt":{"rendered":"<p>Vive la experiencia de entrenar en una de las ligas m\u00e1s importantes de la regi\u00f3nForjando las pr\u00f3ximas leyendas del diamante.Nuestra Misi\u00f3nFormar deportistas \u00edntegros a trav\u00e9s del b\u00e9isbol, fomentando la disciplina, el trabajo en equipo y el amor por el juego.Visi\u00f3n de la Liga:Ser el referente regional en el desarrollo de talento infantil y juvenil, proyectando [&hellip;]<\/p>\n","protected":false},"author":1,"featured_media":0,"parent":0,"menu_order":0,"comment_status":"closed","ping_status":"closed","template":"","meta":{"_et_pb_use_builder":"on","_et_pb_old_content":"","_et_gb_content_width":"","footnotes":""},"class_list":["post-11053","page","type-page","status-publish","hentry"],"_links":{"self":[{"href":"https:\/\/ligabuhitos.com\/index.php?rest_route=\/wp\/v2\/pages\/11053","targetHints":{"allow":["GET"]}}],"collection":[{"href":"https:\/\/ligabuhitos.com\/index.php?rest_route=\/wp\/v2\/pages"}],"about":[{"href":"https:\/\/ligabuhitos.com\/index.php?rest_route=\/wp\/v2\/types\/page"}],"author":[{"embeddable":true,"href":"https:\/\/ligabuhitos.com\/index.php?rest_route=\/wp\/v2\/users\/1"}],"replies":[{"embeddable":true,"href":"https:\/\/ligabuhitos.com\/index.php?rest_route=%2Fwp%2Fv2%2Fcomments&post=11053"}],"version-history":[{"count":64,"href":"https:\/\/ligabuhitos.com\/index.php?rest_route=\/wp\/v2\/pages\/11053\/revisions"}],"predecessor-version":[{"id":11214,"href":"https:\/\/ligabuhitos.com\/index.php?rest_route=\/wp\/v2\/pages\/11053\/revisions\/11214"}],"wp:attachment":[{"href":"https:\/\/ligabuhitos.com\/index.php?rest_route=%2Fwp%2Fv2%2Fmedia&parent=11053"}],"curies":[{"name":"wp","href":"https:\/\/api.w.org\/{rel}","templated":true}]}}